
What is the billions digit of 3848254955?
3
What is the thousands digit of 50124946?
4
What is the ten millions digit of 262105202?
6
What is the millions digit of 1193203752?
3
What is the tens digit of 284350062?
6
What is the hundreds digit of 229969033?
0
What is the tens digit of 1497589724?
2
What is the ten thousands digit of 113699806?
9
What is the hundreds digit of 3306477?
4
What is the units digit of 308594906?
6
What is the ten millions digit of 1798532428?
9
What is the hundreds digit of 3791089643?
6
What is the units digit of 586226631?
1
What is the units digit of 110164226?
6
What is the ten thousands digit of 58202422?
0
What is the hundreds digit of 2560682114?
1
What is the ten thousands digit of 106755584?
5
What is the units digit of 54129632?
2
What is the hundreds digit of 4465553161?
1
What is the billions digit of 1823524935?
1
What is the ten thousands digit of 30855528?
5
What is the hundreds digit of 43383287?
2
What is the ten millions digit of 106638322?
0
What is the tens digit of 289803256?
5
What is the hundred thousands digit of 863509749?
5
What is the hundred millions digit of 996114311?
9
What is the thousands digit of 699108720?
8
What is the millions digit of 396178221?
6
What is the ten thousands digit of 2028304?
2
What is the units digit of 54979989?
9
What is the hundred thousands digit of 103753658?
7
What is the ten thousands digit of 3808856858?
5
What is the ten thousands digit of 36369485?
6
What is the tens digit of 5566028048?
4
What is the units digit of 104561627?
7
What is the thousands digit of 6484317222?
7
What is the thousands digit of 511579936?
9
What is the units digit of 119510866?
6
What is the tens digit of 176858184?
8
What is the ten millions digit of 186250212?
8
What is the hundreds digit of 838283247?
2
What is the hundred millions digit of 262442202?
2
What is the hundred millions digit of 513490187?
5
What is the hundred millions digit of 340658367?
3
What is the millions digit of 2915009822?
5
What is the tens digit of 2380150?
5
What is the hundred thousands digit of 739928150?
9
What is the millions digit of 135702837?
5
What is the units digit of 27366674?
4
What is the units digit of 13454449?
9
What is the thousands digit of 1331313159?
3
What is the tens digit of 207940901?
0
What is the tens digit of 568446710?
1
What is the thousands digit of 242902235?
2
What is the tens digit of 1390898678?
7
What is the billions digit of 2865361998?
2
What is the millions digit of 410976517?
0
What is the thousands digit of 330322408?
2
What is the millions digit of 11090092?
1
What is the hundreds digit of 652827256?
2
What is the hundred thousands digit of 902596108?
5
What is the ten thousands digit of 101084867?
8
What is the tens digit of 713657233?
3
What is the ten millions digit of 498628495?
9
What is the hundreds digit of 92029543?
5
What is the ten millions digit of 93193304?
9
What is the units digit of 25758041?
1
What is the ten thousands digit of 16580578?
8
What is the ten millions digit of 42274315?
4
What is the millions digit of 159256255?
9
What is the units digit of 1381455840?
0
What is the hundred thousands digit of 518256425?
2
What is the millions digit of 13652599?
3
What is the hundreds digit of 272971077?
0
What is the hundred thousands digit of 668370942?
3
What is the ten thousands digit of 272056536?
5
What is the millions digit of 156281365?
6
What is the millions digit of 428172739?
8
What is the units digit of 511828335?
5
What is the units digit of 173868592?
2
What is the hundreds digit of 92555325?
3
What is the hundred millions digit of 106784668?
1
What is the hundreds digit of 1137763175?
1
What is the hundreds digit of 1904897938?
9
What is the ten thousands digit of 105739230?
3
What is the units digit of 75860404?
4
What is the units digit of 9703206?
6
What is the thousands digit of 531018829?
8
What is the ten millions digit of 7758722969?
5
What is the thousands digit of 140578316?
8
What is the ten millions digit of 26996111?
2
What is the hundred thousands digit of 30338260?
3
What is the thousands digit of 264853133?
3
What is the millions digit of 95557046?
5
What is the ten millions digit of 2082350131?
8
What is the ten thousands digit of 307230327?
3
What is the hundred thousands digit of 9688767?
6
What is the units digit of 502234989?
9
What is the ten thousands digit of 71785722?
8
What is the ten thousands digit of 345034676?
3
What is the ten millions digit of 2311200419?
1
What is the hundred thousands digit of 85744993?
7
What is the thousands digit of 5558009696?
9
What is the millions digit of 104549456?
4
What is the units digit of 46273374?
4
What is the units digit of 220265259?
9
What is the units digit of 2383916552?
2
What is the units digit of 912846570?
0
What is the units digit of 1240603000?
0
What is the hundreds digit of 760103056?
0
What is the units digit of 4451393034?
4
What is the tens digit of 2399484899?
9
What is the tens digit of 52244022?
2
What is the ten millions digit of 1759293290?
5
What is the hundreds digit of 8791488?
4
What is the thousands digit of 555845442?
5
What is the millions digit of 33323452?
3
What is the millions digit of 137351989?
7
What is the millions digit of 576251639?
6
What is the thousands digit of 1902122319?
2
What is the hundred thousands digit of 19531862?
5
What is the millions digit of 120268578?
0
What is the millions digit of 4772522655?
2
What is the ten millions digit of 76214053?
7
What is the ten millions digit of 217683273?
1
What is the tens digit of 303939359?
5
What is the thousands digit of 234337743?
7
What is the ten millions digit of 604511966?
0
What is the millions digit of 9417188?
9
What is the tens digit of 42074035?
3
What is the ten millions digit of 17562321?
1
What is the millions digit of 346840577?
6
What is the tens digit of 35764578?
7
What is the millions digit of 866660007?
6
What is the ten millions digit of 57900147?
5
What is the millions digit of 1059588650?
9
What is the thousands digit of 47477493?
7
What is the units digit of 29999271?
1
What is the hundred millions digit of 2039646116?
0
What is the tens digit of 374430902?
0
What is the thousands digit of 9446094?
6
What is the millions digit of 34421549?
4
What is the hundred thousands digit of 114568541?
5
What is the units digit of 100985907?
7
What is the ten millions digit of 445473275?
4
What is the hundreds digit of 965423777?
7
What is the tens digit of 22463086?
8
What is the tens digit of 7826739?
3
What is the ten millions digit of 4392460472?
9
What is the hundreds digit of 99212989?
9
What is the ten millions digit of 36835169?
3
What is the ten thousands digit of 54239288?
3
What is the thousands digit of 318792110?
2
What is the hundred millions digit of 131496038?
1
What is the units digit of 14909737?
7
What is the thousands digit of 1104337777?
7
What is the billions digit of 1293261579?
1
What is the units digit of 218386623?
3
What is the ten thousands digit of 100677444?
7
What is the units digit of 149257710?
0
What is the ten thousands digit of 62717741?
1
What is the ten thousands digit of 666561514?
6
What is the thousands digit of 87401678?
1
What is the hundred millions digit of 300195119?
3
What is the millions digit of 1259160133?
9
What is the ten millions digit of 896406401?
9
What is the thousands digit of 18038176?
8
What is the billions digit of 1422731820?
1
What is the tens digit of 39212973?
7
What is the hundred thousands digit of 4376184365?
1
What is the tens digit of 41697700?
0
What is the millions digit of 1320991308?
0
What is the tens digit of 3690934760?
6
What is the ten millions digit of 462446759?
6
What is the tens digit of 23181697?
9
What is the units digit of 370247683?
3
What is the ten thousands digit of 78386595?
8
What is the ten millions digit of 434822117?
3
What is the millions digit of 252034347?
2
What is the units digit of 576925676?
6
What is the millions digit of 588265743?
8
What is the billions digit of 1307084552?
1
What is the units digit of 7165074963?
3
What is the hundreds digit of 4088595834?
8
What is the tens digit of 6663315?
1
What is the thousands digit of 17459128?
9
What is the thousands d